{"version":"1.0","provider_name":"Charter Lift","provider_url":"https:\/\/www.becker.w15l.t4n.io\/charterlift","author_name":"charterlift","author_url":"https:\/\/www.becker.w15l.t4n.io\/charterlift\/author\/charterlift\/","title":"Gebrauchte \/ used machine - Charter Lift","type":"rich","width":600,"height":338,"html":"<blockquote class=\"wp-embedded-content\" data-secret=\"DgtzU2jAnH\"><a href=\"https:\/\/www.becker.w15l.t4n.io\/charterlift\/gebrauchte-used-machines\/\">Gebrauchte \/ used machine<\/a><\/blockquote><iframe sandbox=\"allow-scripts\" security=\"restricted\" src=\"https:\/\/www.becker.w15l.t4n.io\/charterlift\/gebrauchte-used-machines\/embed\/#?secret=DgtzU2jAnH\" width=\"600\" height=\"338\" title=\"&#8222;Gebrauchte \/ used machine&#8220; &#8211; Charter Lift\" data-secret=\"DgtzU2jAnH\" frameborder=\"0\" marginwidth=\"0\" marginheight=\"0\" scrolling=\"no\" class=\"wp-embedded-content\"><\/iframe><script type=\"text\/javascript\">\n\/*! This file is auto-generated *\/\n!function(c,d){\"use strict\";var e=!1,o=!1;if(d.querySelector)if(c.addEventListener)e=!0;if(c.wp=c.wp||{},c.wp.receiveEmbedMessage);else if(c.wp.receiveEmbedMessage=function(e){var t=e.data;if(!t);else if(!(t.secret||t.message||t.value));else if(\/[^a-zA-Z0-9]\/.test(t.secret));else{for(var r,s,a,i=d.querySelectorAll('iframe[data-secret=\"'+t.secret+'\"]'),n=d.querySelectorAll('blockquote[data-secret=\"'+t.secret+'\"]'),o=new RegExp(\"^https?:$\",\"i\"),l=0;l<n.length;l++)n[l].style.display=\"none\";for(l=0;l<i.length;l++)if(r=i[l],e.source!==r.contentWindow);else{if(r.removeAttribute(\"style\"),\"height\"===t.message){if(1e3<(s=parseInt(t.value,10)))s=1e3;else if(~~s<200)s=200;r.height=s}if(\"link\"===t.message)if(s=d.createElement(\"a\"),a=d.createElement(\"a\"),s.href=r.getAttribute(\"src\"),a.href=t.value,!o.test(a.protocol));else if(a.host===s.host)if(d.activeElement===r)c.top.location.href=t.value}}},e)c.addEventListener(\"message\",c.wp.receiveEmbedMessage,!1),d.addEventListener(\"DOMContentLoaded\",t,!1),c.addEventListener(\"load\",t,!1);function t(){if(o);else{o=!0;for(var e,t,r,s=-1!==navigator.appVersion.indexOf(\"MSIE 10\"),a=!!navigator.userAgent.match(\/Trident.*rv:11\\.\/),i=d.querySelectorAll(\"iframe.wp-embedded-content\"),n=0;n<i.length;n++){if(!(r=(t=i[n]).getAttribute(\"data-secret\")))r=Math.random().toString(36).substr(2,10),t.src+=\"#?secret=\"+r,t.setAttribute(\"data-secret\",r);if(s||a)(e=t.cloneNode(!0)).removeAttribute(\"security\"),t.parentNode.replaceChild(e,t);t.contentWindow.postMessage({message:\"ready\",secret:r},\"*\")}}}}(window,document);\n<\/script>\n","description":"CharterLift: &gt;&gt;&gt;&gt;&gt;&gt;&gt;&gt;&gt;&gt;CLICK HERE\u00a0 f\u00fcr\u00a0unsere Gebrauchten \/ to our\u00a0USED MACHINE&lt;&lt;&lt;&lt;&lt;&lt;&lt;&lt;&lt;&lt; &nbsp; Gebrauchtger\u00e4tekauf\u00a0ist immer auch\u00a0Vertrauenssache! Deshalb schauen wir schon beim Ankauf\u00a0genau hin. \u00a0\u00a0\u00a0 \u00a0\u00a0\u00a0 Wir pr\u00fcfen den Zustand der Ger\u00e4te sehr sorgf\u00e4ltig, damit wir den Preis und den Aufarbeitungsaufwand sowohl K\u00e4ufer wie auch\u00a0Verk\u00e4ufer, sachlich darlegen k\u00f6nnen. Unsere Kunden erwarten zurecht einen fairen Ankaufs- und einen marktgerechten Verkaufspreis. [&hellip;]","thumbnail_url":"https:\/\/www.becker.w15l.t4n.io\/charterlift\/wp-content\/uploads\/2018\/02\/WT-220-2-1024x651.jpg"}

CharterLift: &gt;&gt;&gt;&gt;&gt;&gt;&gt;&gt;&gt;&gt;CLICK HERE  für unsere Gebrauchten / to our USED MACHINE&lt;&lt;&lt;&lt;&lt;&lt;&lt;&lt;&lt;&lt; &nbsp; Gebrauchtgerätekauf ist immer auch Vertrauenssache! Deshalb schauen wir schon beim Ankauf genau hin.         Wir prüfen den Zustand der Geräte sehr sorgfältig, damit wir den Preis und den Aufarbeitungsaufwand sowohl Käufer wie auch Verkäufer, sachlich darlegen können. Unsere Kunden erwarten zurecht einen fairen Ankaufs- und einen marktgerechten Verkaufspreis. [&hellip;]
