{"version":"1.0","provider_name":"Charter Lift","provider_url":"https:\/\/www.becker.w15l.t4n.io\/charterlift","author_name":"charterlift","author_url":"https:\/\/www.becker.w15l.t4n.io\/charterlift\/author\/charterlift\/","title":"Mercedes-Benz X Klasse mit KLUBB B\u00fchne der extra Klasse! - Charter Lift","type":"rich","width":600,"height":338,"html":"<blockquote class=\"wp-embedded-content\" data-secret=\"Zr8ppi8v19\"><a href=\"https:\/\/www.becker.w15l.t4n.io\/charterlift\/x-klasse-mit-klubb-buehne-der-extra-klasse\/\">Mercedes-Benz X Klasse mit KLUBB B\u00fchne der extra Klasse!<\/a><\/blockquote><iframe sandbox=\"allow-scripts\" security=\"restricted\" src=\"https:\/\/www.becker.w15l.t4n.io\/charterlift\/x-klasse-mit-klubb-buehne-der-extra-klasse\/embed\/#?secret=Zr8ppi8v19\" width=\"600\" height=\"338\" title=\"&#8222;Mercedes-Benz X Klasse mit KLUBB B\u00fchne der extra Klasse!&#8220; &#8211; Charter Lift\" data-secret=\"Zr8ppi8v19\" frameborder=\"0\" marginwidth=\"0\" marginheight=\"0\" scrolling=\"no\" class=\"wp-embedded-content\"><\/iframe><script type=\"text\/javascript\">\n\/*! This file is auto-generated *\/\n!function(c,d){\"use strict\";var e=!1,o=!1;if(d.querySelector)if(c.addEventListener)e=!0;if(c.wp=c.wp||{},c.wp.receiveEmbedMessage);else if(c.wp.receiveEmbedMessage=function(e){var t=e.data;if(!t);else if(!(t.secret||t.message||t.value));else if(\/[^a-zA-Z0-9]\/.test(t.secret));else{for(var r,s,a,i=d.querySelectorAll('iframe[data-secret=\"'+t.secret+'\"]'),n=d.querySelectorAll('blockquote[data-secret=\"'+t.secret+'\"]'),o=new RegExp(\"^https?:$\",\"i\"),l=0;l<n.length;l++)n[l].style.display=\"none\";for(l=0;l<i.length;l++)if(r=i[l],e.source!==r.contentWindow);else{if(r.removeAttribute(\"style\"),\"height\"===t.message){if(1e3<(s=parseInt(t.value,10)))s=1e3;else if(~~s<200)s=200;r.height=s}if(\"link\"===t.message)if(s=d.createElement(\"a\"),a=d.createElement(\"a\"),s.href=r.getAttribute(\"src\"),a.href=t.value,!o.test(a.protocol));else if(a.host===s.host)if(d.activeElement===r)c.top.location.href=t.value}}},e)c.addEventListener(\"message\",c.wp.receiveEmbedMessage,!1),d.addEventListener(\"DOMContentLoaded\",t,!1),c.addEventListener(\"load\",t,!1);function t(){if(o);else{o=!0;for(var e,t,r,s=-1!==navigator.appVersion.indexOf(\"MSIE 10\"),a=!!navigator.userAgent.match(\/Trident.*rv:11\\.\/),i=d.querySelectorAll(\"iframe.wp-embedded-content\"),n=0;n<i.length;n++){if(!(r=(t=i[n]).getAttribute(\"data-secret\")))r=Math.random().toString(36).substr(2,10),t.src+=\"#?secret=\"+r,t.setAttribute(\"data-secret\",r);if(s||a)(e=t.cloneNode(!0)).removeAttribute(\"security\"),t.parentNode.replaceChild(e,t);t.contentWindow.postMessage({message:\"ready\",secret:r},\"*\")}}}}(window,document);\n<\/script>\n","thumbnail_url":"https:\/\/www.becker.w15l.t4n.io\/charterlift\/wp-content\/uploads\/2018\/01\/KLUBB-K26-classeX-aerial_platforms.jpg","thumbnail_width":750,"thumbnail_height":473,"description":"KLUBB bringt auf Dr\u00e4ngen von CharterLift, mit der K 36, die erste Teleskop Arbeitsb\u00fchne auf der neuen X Klasse von Mercedes-Benz auf den Markt. Die Einheit mit 11 mtr. Arbeitsh\u00f6he kommt ohne Abst\u00fctzung aus und ist serienm\u00e4\u00dfig mit einem gegen 1.000 V isolierten Korb ausgestattet. Die Zielgruppe sind Energieversorger und Telekomunikations Unternehmen in bergigen und [&hellip;]"}

Mercedes-Benz X Klasse mit KLUBB Bühne der extra Klasse! - Charter Lift

<blockquote class="wp-embedded-content" data-secret="Zr8ppi8v19"><a href="https://www.becker.w15l.t4n.io/charterlift/x-klasse-mit-klubb-buehne-der-extra-klasse/">Mercedes-Benz X Klasse mit KLUBB Bühne der extra Klasse!</a></blockquote><iframe sandbox="allow-scripts" security="restricted" src="https://www.becker.w15l.t4n.io/charterlift/x-klasse-mit-klubb-buehne-der-extra-klasse/embed/#?secret=Zr8ppi8v19" width="600" height="338" title="&#8222;Mercedes-Benz X Klasse mit KLUBB Bühne der extra Klasse!&#8220; &#8211; Charter Lift" data-secret="Zr8ppi8v19" frameborder="0" marginwidth="0" marginheight="0" scrolling="no" class="wp-embedded-content"></iframe><script type="text/javascript">
/*! This file is auto-generated */
!function(c,d){"use strict";var e=!1,o=!1;if(d.querySelector)if(c.addEventListener)e=!0;if(c.wp=c.wp||{},c.wp.receiveEmbedMessage);else if(c.wp.receiveEmbedMessage=function(e){var t=e.data;if(!t);else if(!(t.secret||t.message||t.value));else if(/[^a-zA-Z0-9]/.test(t.secret));else{for(var r,s,a,i=d.querySelectorAll('iframe[data-secret="'+t.secret+'"]'),n=d.querySelectorAll('blockquote[data-secret="'+t.secret+'"]'),o=new RegExp("^https?:$","i"),l=0;l<n.length;l++)n[l].style.display="none";for(l=0;l<i.length;l++)if(r=i[l],e.source!==r.contentWindow);else{if(r.removeAttribute("style"),"height"===t.message){if(1e3<(s=parseInt(t.value,10)))s=1e3;else if(~~s<200)s=200;r.height=s}if("link"===t.message)if(s=d.createElement("a"),a=d.createElement("a"),s.href=r.getAttribute("src"),a.href=t.value,!o.test(a.protocol));else if(a.host===s.host)if(d.activeElement===r)c.top.location.href=t.value}}},e)c.addEventListener("message",c.wp.receiveEmbedMessage,!1),d.addEventListener("DOMContentLoaded",t,!1),c.addEventListener("load",t,!1);function t(){if(o);else{o=!0;for(var e,t,r,s=-1!==navigator.appVersion.indexOf("MSIE 10"),a=!!navigator.userAgent.match(/Trident.*rv:11\./),i=d.querySelectorAll("iframe.wp-embedded-content"),n=0;n<i.length;n++){if(!(r=(t=i[n]).getAttribute("data-secret")))r=Math.random().toString(36).substr(2,10),t.src+="#?secret="+r,t.setAttribute("data-secret",r);if(s||a)(e=t.cloneNode(!0)).removeAttribute("security"),t.parentNode.replaceChild(e,t);t.contentWindow.postMessage({message:"ready",secret:r},"*")}}}}(window,document);
</script>

KLUBB bringt auf Drängen von CharterLift, mit der K 36, die erste Teleskop Arbeitsbühne auf der neuen X Klasse von Mercedes-Benz auf den Markt. Die Einheit mit 11 mtr. Arbeitshöhe kommt ohne Abstützung aus und ist serienmäßig mit einem gegen 1.000 V isolierten Korb ausgestattet. Die Zielgruppe sind Energieversorger und Telekomunikations Unternehmen in bergigen und [&hellip;]
