{"id":737,"date":"2014-07-21T13:42:28","date_gmt":"2014-07-21T13:42:28","guid":{"rendered":"https:\/\/www.becker.w15l.t4n.io\/charterlift\/ka-2014\/?page_id=737"},"modified":"2022-11-15T08:59:06","modified_gmt":"2022-11-15T07:59:06","slug":"unternehmen","status":"publish","type":"page","link":"https:\/\/www.becker.w15l.t4n.io\/charterlift\/","title":{"rendered":"Unternehmen"},"content":{"rendered":"<p style=\"text-align: justify;\"><span style=\"color: #333333;\"><em><strong>CharterLift<\/strong><\/em><\/span> bietet als Handels- und Serviceunternehmen schwerpunktm\u00e4\u00dfig die produktionsnahe Dienstleistung (Vertrieb, Service und Finanzierungsvermittlung)\u00a0im Bereich\u00a0Hubarbeitsb\u00fchnen f\u00fcr f\u00fchrende europ\u00e4ische Hersteller an.<\/p>\r\n<p style=\"text-align: justify;\">Durch langj\u00e4hrige,\u00a0umfassende Branchenkenntnis kann<span style=\"color: #333333;\"><strong><em> CharterLift<\/em><\/strong> <\/span>seinen Kunden und Interessenten individuell beraten und aus einer Vielzahl von Ger\u00e4tetypen die wirtschaftlichste L\u00f6sung anbieten.<\/p>\r\n<p style=\"text-align: justify;\">Wir unterscheiden uns von anderen Unternehmen durch engste, pers\u00f6nliche Kundenbetreuung im Interesse einer nachhaltigen Gesch\u00e4ftsbeziehung. Weit \u00fcber 1.500 verkaufte Lkw-B\u00fchnen im Bereich von 10 \u2013 103 m Arbeitsh\u00f6he bieten einen enormen \u00a0Wissensfundus und sind Basis und Zeugnis zugleich f\u00fcr eine ehrliche, faire Partnerschaft seit \u00fcber 30 Jahren, \u00a0sowohl mit\u00a0unseren Kunden wie auch Lieferanten.<\/p>\r\n<em><strong>Firmentrailer<\/strong>\u00a0aus dem\u00a0<\/em><strong>Jahr 2000\u00a0<\/strong> <em>\ud83d\ude0e\u00a0\u00a0\u00a0\u00a0<\/em>\r\n\r\n<img loading=\"lazy\" class=\"aligncenter wp-image-1316\" src=\"https:\/\/www.becker.w15l.t4n.io\/charterlift\/wp-content\/uploads\/englsiche-flagge-300x180.png\" alt=\"englsiche flagge\" width=\"102\" height=\"61\" srcset=\"https:\/\/www.becker.w15l.t4n.io\/charterlift\/wp-content\/uploads\/englsiche-flagge-300x180.png 300w, https:\/\/www.becker.w15l.t4n.io\/charterlift\/wp-content\/uploads\/englsiche-flagge.png 400w\" sizes=\"(max-width: 102px) 100vw, 102px\" \/>\r\n<div style=\"text-align: justify;\"><span id=\"result_box\" lang=\"en\">Through many years of comprehensive access industry knowledge,<span style=\"color: #333333;\"> <em><strong>CharterLift <\/strong><\/em><\/span>can individually advise its customers\u00a0and offer the most economical solution.<\/span><\/div>\r\n<div style=\"text-align: justify;\"><\/div>\r\n<div style=\"text-align: justify;\"><span id=\"result_box\" lang=\"en\">Well over 1,500 sold truck platforms in the range of 10 &#8211; 103 m working height offer an enormous knowledge base and are basis and certificate at the same time for an honest, fair partnership over many years, both with our customers as well as suppliers.<\/span><span id=\"t-served-community-button\" class=\"trans-verified-button goog-toolbar-button\" role=\"button\" aria-hidden=\"true\"><\/span><\/div>\r\n<div id=\"AppleMailSignature\" style=\"text-align: justify;\"><\/div>\r\n<div style=\"text-align: justify;\">Unlike others we have an individual and personal customer approach with a long-term vision of partnership.<\/div>","protected":false},"excerpt":{"rendered":"<p>CharterLift bietet als Handels- und Serviceunternehmen schwerpunktm\u00e4\u00dfig die produktionsnahe Dienstleistung (Vertrieb, Service und Finanzierungsvermittlung)\u00a0im Bereich\u00a0Hubarbeitsb\u00fchnen f\u00fcr f\u00fchrende europ\u00e4ische Hersteller an. Durch langj\u00e4hrige,\u00a0umfassende Branchenkenntnis kann CharterLift seinen Kunden und Interessenten individuell beraten und aus einer Vielzahl von Ger\u00e4tetypen die wirtschaftlichste L\u00f6sung anbieten. Wir unterscheiden uns von anderen Unternehmen durch engste, pers\u00f6nliche Kundenbetreuung im Interesse einer nachhaltigen [&hellip;]<\/p>\n","protected":false},"author":2,"featured_media":0,"parent":0,"menu_order":0,"comment_status":"closed","ping_status":"closed","template":"","meta":[],"yoast_head":"<!-- This site is optimized with the Yoast SEO plugin v19.6.1 - https:\/\/yoast.com\/wordpress\/plugins\/seo\/ -->\n<title>Unternehmen - Charter Lift<\/title>\n<meta name=\"robots\" content=\"index, follow, max-snippet:-1, max-image-preview:large, max-video-preview:-1\" \/>\n<link rel=\"canonical\" href=\"https:\/\/www.becker.w15l.t4n.io\/charterlift\/\" \/>\n<meta property=\"og:locale\" content=\"de_DE\" \/>\n<meta property=\"og:type\" content=\"article\" \/>\n<meta property=\"og:title\" content=\"Unternehmen - Charter Lift\" \/>\n<meta property=\"og:description\" content=\"CharterLift bietet als Handels- und Serviceunternehmen schwerpunktm\u00e4\u00dfig die produktionsnahe Dienstleistung (Vertrieb, Service und Finanzierungsvermittlung)\u00a0im Bereich\u00a0Hubarbeitsb\u00fchnen f\u00fcr f\u00fchrende europ\u00e4ische Hersteller an. Durch langj\u00e4hrige,\u00a0umfassende Branchenkenntnis kann CharterLift seinen Kunden und Interessenten individuell beraten und aus einer Vielzahl von Ger\u00e4tetypen die wirtschaftlichste L\u00f6sung anbieten. Wir unterscheiden uns von anderen Unternehmen durch engste, pers\u00f6nliche Kundenbetreuung im Interesse einer nachhaltigen [&hellip;]\" \/>\n<meta property=\"og:url\" content=\"https:\/\/www.becker.w15l.t4n.io\/charterlift\/\" \/>\n<meta property=\"og:site_name\" content=\"Charter Lift\" \/>\n<meta property=\"article:modified_time\" content=\"2022-11-15T07:59:06+00:00\" \/>\n<meta property=\"og:image\" content=\"https:\/\/www.becker.w15l.t4n.io\/charterlift\/wp-content\/uploads\/englsiche-flagge-300x180.png\" \/>\n<meta name=\"twitter:card\" content=\"summary_large_image\" \/>\n<meta name=\"twitter:label1\" content=\"Gesch\u00e4tzte Lesezeit\" \/>\n\t<meta name=\"twitter:data1\" content=\"2\u00a0Minuten\" \/>\n<script type=\"application\/ld+json\" class=\"yoast-schema-graph\">{\"@context\":\"https:\/\/schema.org\",\"@graph\":[{\"@type\":\"WebPage\",\"@id\":\"https:\/\/www.becker.w15l.t4n.io\/charterlift\/\",\"url\":\"https:\/\/www.becker.w15l.t4n.io\/charterlift\/\",\"name\":\"Unternehmen - Charter Lift\",\"isPartOf\":{\"@id\":\"https:\/\/www.becker.w15l.t4n.io\/charterlift\/#website\"},\"datePublished\":\"2014-07-21T13:42:28+00:00\",\"dateModified\":\"2022-11-15T07:59:06+00:00\",\"breadcrumb\":{\"@id\":\"https:\/\/www.becker.w15l.t4n.io\/charterlift\/#breadcrumb\"},\"inLanguage\":\"de\",\"potentialAction\":[{\"@type\":\"ReadAction\",\"target\":[\"https:\/\/www.becker.w15l.t4n.io\/charterlift\/\"]}]},{\"@type\":\"BreadcrumbList\",\"@id\":\"https:\/\/www.becker.w15l.t4n.io\/charterlift\/#breadcrumb\",\"itemListElement\":[{\"@type\":\"ListItem\",\"position\":1,\"name\":\"Startseite\",\"item\":\"https:\/\/www.becker.w15l.t4n.io\/charterlift\/\"},{\"@type\":\"ListItem\",\"position\":2,\"name\":\"Unternehmen\"}]},{\"@type\":\"WebSite\",\"@id\":\"https:\/\/www.becker.w15l.t4n.io\/charterlift\/#website\",\"url\":\"https:\/\/www.becker.w15l.t4n.io\/charterlift\/\",\"name\":\"Charter Lift\",\"description\":\"Systemdienstleister f\u00fcr modernste, mobile Zugangs- und Hebetechnik\",\"publisher\":{\"@id\":\"https:\/\/www.becker.w15l.t4n.io\/charterlift\/#organization\"},\"potentialAction\":[{\"@type\":\"SearchAction\",\"target\":{\"@type\":\"EntryPoint\",\"urlTemplate\":\"https:\/\/www.becker.w15l.t4n.io\/charterlift\/?s={search_term_string}\"},\"query-input\":\"required name=search_term_string\"}],\"inLanguage\":\"de\"},{\"@type\":\"Organization\",\"@id\":\"https:\/\/www.becker.w15l.t4n.io\/charterlift\/#organization\",\"name\":\"CharterLift\",\"url\":\"https:\/\/www.becker.w15l.t4n.io\/charterlift\/\",\"sameAs\":[],\"logo\":{\"@type\":\"ImageObject\",\"inLanguage\":\"de\",\"@id\":\"https:\/\/www.becker.w15l.t4n.io\/charterlift\/#\/schema\/logo\/image\/\",\"url\":\"https:\/\/www.becker.w15l.t4n.io\/charterlift\/wp-content\/uploads\/charterlift-logo.png\",\"contentUrl\":\"https:\/\/www.becker.w15l.t4n.io\/charterlift\/wp-content\/uploads\/charterlift-logo.png\",\"width\":200,\"height\":131,\"caption\":\"CharterLift\"},\"image\":{\"@id\":\"https:\/\/www.becker.w15l.t4n.io\/charterlift\/#\/schema\/logo\/image\/\"}}]}<\/script>\n<!-- \/ Yoast SEO plugin. -->","yoast_head_json":{"title":"Unternehmen - Charter Lift","robots":{"index":"index","follow":"follow","max-snippet":"max-snippet:-1","max-image-preview":"max-image-preview:large","max-video-preview":"max-video-preview:-1"},"canonical":"https:\/\/www.becker.w15l.t4n.io\/charterlift\/","og_locale":"de_DE","og_type":"article","og_title":"Unternehmen - Charter Lift","og_description":"CharterLift bietet als Handels- und Serviceunternehmen schwerpunktm\u00e4\u00dfig die produktionsnahe Dienstleistung (Vertrieb, Service und Finanzierungsvermittlung)\u00a0im Bereich\u00a0Hubarbeitsb\u00fchnen f\u00fcr f\u00fchrende europ\u00e4ische Hersteller an. Durch langj\u00e4hrige,\u00a0umfassende Branchenkenntnis kann CharterLift seinen Kunden und Interessenten individuell beraten und aus einer Vielzahl von Ger\u00e4tetypen die wirtschaftlichste L\u00f6sung anbieten. Wir unterscheiden uns von anderen Unternehmen durch engste, pers\u00f6nliche Kundenbetreuung im Interesse einer nachhaltigen [&hellip;]","og_url":"https:\/\/www.becker.w15l.t4n.io\/charterlift\/","og_site_name":"Charter Lift","article_modified_time":"2022-11-15T07:59:06+00:00","og_image":[{"url":"https:\/\/www.becker.w15l.t4n.io\/charterlift\/wp-content\/uploads\/englsiche-flagge-300x180.png"}],"twitter_card":"summary_large_image","twitter_misc":{"Gesch\u00e4tzte Lesezeit":"2\u00a0Minuten"},"schema":{"@context":"https:\/\/schema.org","@graph":[{"@type":"WebPage","@id":"https:\/\/www.becker.w15l.t4n.io\/charterlift\/","url":"https:\/\/www.becker.w15l.t4n.io\/charterlift\/","name":"Unternehmen - Charter Lift","isPartOf":{"@id":"https:\/\/www.becker.w15l.t4n.io\/charterlift\/#website"},"datePublished":"2014-07-21T13:42:28+00:00","dateModified":"2022-11-15T07:59:06+00:00","breadcrumb":{"@id":"https:\/\/www.becker.w15l.t4n.io\/charterlift\/#breadcrumb"},"inLanguage":"de","potentialAction":[{"@type":"ReadAction","target":["https:\/\/www.becker.w15l.t4n.io\/charterlift\/"]}]},{"@type":"BreadcrumbList","@id":"https:\/\/www.becker.w15l.t4n.io\/charterlift\/#breadcrumb","itemListElement":[{"@type":"ListItem","position":1,"name":"Startseite","item":"https:\/\/www.becker.w15l.t4n.io\/charterlift\/"},{"@type":"ListItem","position":2,"name":"Unternehmen"}]},{"@type":"WebSite","@id":"https:\/\/www.becker.w15l.t4n.io\/charterlift\/#website","url":"https:\/\/www.becker.w15l.t4n.io\/charterlift\/","name":"Charter Lift","description":"Systemdienstleister f\u00fcr modernste, mobile Zugangs- und Hebetechnik","publisher":{"@id":"https:\/\/www.becker.w15l.t4n.io\/charterlift\/#organization"},"potentialAction":[{"@type":"SearchAction","target":{"@type":"EntryPoint","urlTemplate":"https:\/\/www.becker.w15l.t4n.io\/charterlift\/?s={search_term_string}"},"query-input":"required name=search_term_string"}],"inLanguage":"de"},{"@type":"Organization","@id":"https:\/\/www.becker.w15l.t4n.io\/charterlift\/#organization","name":"CharterLift","url":"https:\/\/www.becker.w15l.t4n.io\/charterlift\/","sameAs":[],"logo":{"@type":"ImageObject","inLanguage":"de","@id":"https:\/\/www.becker.w15l.t4n.io\/charterlift\/#\/schema\/logo\/image\/","url":"https:\/\/www.becker.w15l.t4n.io\/charterlift\/wp-content\/uploads\/charterlift-logo.png","contentUrl":"https:\/\/www.becker.w15l.t4n.io\/charterlift\/wp-content\/uploads\/charterlift-logo.png","width":200,"height":131,"caption":"CharterLift"},"image":{"@id":"https:\/\/www.becker.w15l.t4n.io\/charterlift\/#\/schema\/logo\/image\/"}}]}},"_links":{"self":[{"href":"https:\/\/www.becker.w15l.t4n.io\/charterlift\/wp-json\/wp\/v2\/pages\/737"}],"collection":[{"href":"https:\/\/www.becker.w15l.t4n.io\/charterlift\/wp-json\/wp\/v2\/pages"}],"about":[{"href":"https:\/\/www.becker.w15l.t4n.io\/charterlift\/wp-json\/wp\/v2\/types\/page"}],"author":[{"embeddable":true,"href":"https:\/\/www.becker.w15l.t4n.io\/charterlift\/wp-json\/wp\/v2\/users\/2"}],"replies":[{"embeddable":true,"href":"https:\/\/www.becker.w15l.t4n.io\/charterlift\/wp-json\/wp\/v2\/comments?post=737"}],"version-history":[{"count":2,"href":"https:\/\/www.becker.w15l.t4n.io\/charterlift\/wp-json\/wp\/v2\/pages\/737\/revisions"}],"predecessor-version":[{"id":2437,"href":"https:\/\/www.becker.w15l.t4n.io\/charterlift\/wp-json\/wp\/v2\/pages\/737\/revisions\/2437"}],"wp:attachment":[{"href":"https:\/\/www.becker.w15l.t4n.io\/charterlift\/wp-json\/wp\/v2\/media?parent=737"}],"curies":[{"name":"wp","href":"https:\/\/api.w.org\/{rel}","templated":true}]}}

<p style="text-align: justify;"><span style="color: #333333;"><em><strong>CharterLift</strong></em></span> bietet als Handels- und Serviceunternehmen schwerpunktmäßig die produktionsnahe Dienstleistung (Vertrieb, Service und Finanzierungsvermittlung) im Bereich Hubarbeitsbühnen für führende europäische Hersteller an.</p>
<p style="text-align: justify;">Durch langjährige, umfassende Branchenkenntnis kann<span style="color: #333333;"><strong><em> CharterLift</em></strong> </span>seinen Kunden und Interessenten individuell beraten und aus einer Vielzahl von Gerätetypen die wirtschaftlichste Lösung anbieten.</p>
<p style="text-align: justify;">Wir unterscheiden uns von anderen Unternehmen durch engste, persönliche Kundenbetreuung im Interesse einer nachhaltigen Geschäftsbeziehung. Weit über 1.500 verkaufte Lkw-Bühnen im Bereich von 10 – 103 m Arbeitshöhe bieten einen enormen  Wissensfundus und sind Basis und Zeugnis zugleich für eine ehrliche, faire Partnerschaft seit über 30 Jahren,  sowohl mit unseren Kunden wie auch Lieferanten.</p>
<em><strong>Firmentrailer</strong> aus dem </em><strong>Jahr 2000 </strong> <em>😎    </em>

<img loading="lazy" class="aligncenter wp-image-1316" src="https://www.becker.w15l.t4n.io/charterlift/wp-content/uploads/englsiche-flagge-300x180.png" alt="englsiche flagge" width="102" height="61" srcset="https://www.becker.w15l.t4n.io/charterlift/wp-content/uploads/englsiche-flagge-300x180.png 300w, https://www.becker.w15l.t4n.io/charterlift/wp-content/uploads/englsiche-flagge.png 400w" sizes="(max-width: 102px) 100vw, 102px" />
<div style="text-align: justify;"><span id="result_box" lang="en">Through many years of comprehensive access industry knowledge,<span style="color: #333333;"> <em><strong>CharterLift </strong></em></span>can individually advise its customers and offer the most economical solution.</span></div>
<div style="text-align: justify;"></div>
<div style="text-align: justify;"><span id="result_box" lang="en">Well over 1,500 sold truck platforms in the range of 10 &#8211; 103 m working height offer an enormous knowledge base and are basis and certificate at the same time for an honest, fair partnership over many years, both with our customers as well as suppliers.</span><span id="t-served-community-button" class="trans-verified-button goog-toolbar-button" role="button" aria-hidden="true"></span></div>
<div id="AppleMailSignature" style="text-align: justify;"></div>
<div style="text-align: justify;">Unlike others we have an individual and personal customer approach with a long-term vision of partnership.</div>

<p>CharterLift bietet als Handels- und Serviceunternehmen schwerpunktmäßig die produktionsnahe Dienstleistung (Vertrieb, Service und Finanzierungsvermittlung) im Bereich Hubarbeitsbühnen für führende europäische Hersteller an. Durch langjährige, umfassende Branchenkenntnis kann CharterLift seinen Kunden und Interessenten individuell beraten und aus einer Vielzahl von Gerätetypen die wirtschaftlichste Lösung anbieten. Wir unterscheiden uns von anderen Unternehmen durch engste, persönliche Kundenbetreuung im Interesse einer nachhaltigen [&hellip;]</p>

<!-- This site is optimized with the Yoast SEO plugin v19.6.1 - https://yoast.com/wordpress/plugins/seo/ -->
<title>Unternehmen - Charter Lift</title>
<meta name="robots" content="index, follow, max-snippet:-1, max-image-preview:large, max-video-preview:-1" />
<link rel="canonical" href="https://www.becker.w15l.t4n.io/charterlift/" />
<meta property="og:locale" content="de_DE" />
<meta property="og:type" content="article" />
<meta property="og:title" content="Unternehmen - Charter Lift" />
<meta property="og:description" content="CharterLift bietet als Handels- und Serviceunternehmen schwerpunktmäßig die produktionsnahe Dienstleistung (Vertrieb, Service und Finanzierungsvermittlung) im Bereich Hubarbeitsbühnen für führende europäische Hersteller an. Durch langjährige, umfassende Branchenkenntnis kann CharterLift seinen Kunden und Interessenten individuell beraten und aus einer Vielzahl von Gerätetypen die wirtschaftlichste Lösung anbieten. Wir unterscheiden uns von anderen Unternehmen durch engste, persönliche Kundenbetreuung im Interesse einer nachhaltigen [&hellip;]" />
<meta property="og:url" content="https://www.becker.w15l.t4n.io/charterlift/" />
<meta property="og:site_name" content="Charter Lift" />
<meta property="article:modified_time" content="2022-11-15T07:59:06+00:00" />
<meta property="og:image" content="https://www.becker.w15l.t4n.io/charterlift/wp-content/uploads/englsiche-flagge-300x180.png" />
<meta name="twitter:card" content="summary_large_image" />
<meta name="twitter:label1" content="Geschätzte Lesezeit" />
	<meta name="twitter:data1" content="2 Minuten" />
<script type="application/ld+json" class="yoast-schema-graph">{"@context":"https://schema.org","@graph":[{"@type":"WebPage","@id":"https://www.becker.w15l.t4n.io/charterlift/","url":"https://www.becker.w15l.t4n.io/charterlift/","name":"Unternehmen - Charter Lift","isPartOf":{"@id":"https://www.becker.w15l.t4n.io/charterlift/#website"},"datePublished":"2014-07-21T13:42:28+00:00","dateModified":"2022-11-15T07:59:06+00:00","breadcrumb":{"@id":"https://www.becker.w15l.t4n.io/charterlift/#breadcrumb"},"inLanguage":"de","potentialAction":[{"@type":"ReadAction","target":["https://www.becker.w15l.t4n.io/charterlift/"]}]},{"@type":"BreadcrumbList","@id":"https://www.becker.w15l.t4n.io/charterlift/#breadcrumb","itemListElement":[{"@type":"ListItem","position":1,"name":"Startseite","item":"https://www.becker.w15l.t4n.io/charterlift/"},{"@type":"ListItem","position":2,"name":"Unternehmen"}]},{"@type":"WebSite","@id":"https://www.becker.w15l.t4n.io/charterlift/#website","url":"https://www.becker.w15l.t4n.io/charterlift/","name":"Charter Lift","description":"Systemdienstleister für modernste, mobile Zugangs- und Hebetechnik","publisher":{"@id":"https://www.becker.w15l.t4n.io/charterlift/#organization"},"potentialAction":[{"@type":"SearchAction","target":{"@type":"EntryPoint","urlTemplate":"https://www.becker.w15l.t4n.io/charterlift/?s={search_term_string}"},"query-input":"required name=search_term_string"}],"inLanguage":"de"},{"@type":"Organization","@id":"https://www.becker.w15l.t4n.io/charterlift/#organization","name":"CharterLift","url":"https://www.becker.w15l.t4n.io/charterlift/","sameAs":[],"logo":{"@type":"ImageObject","inLanguage":"de","@id":"https://www.becker.w15l.t4n.io/charterlift/#/schema/logo/image/","url":"https://www.becker.w15l.t4n.io/charterlift/wp-content/uploads/charterlift-logo.png","contentUrl":"https://www.becker.w15l.t4n.io/charterlift/wp-content/uploads/charterlift-logo.png","width":200,"height":131,"caption":"CharterLift"},"image":{"@id":"https://www.becker.w15l.t4n.io/charterlift/#/schema/logo/image/"}}]}</script>
<!-- / Yoast SEO plugin. -->

CharterLift bietet als Handels- und Serviceunternehmen schwerpunktmäßig die produktionsnahe Dienstleistung (Vertrieb, Service und Finanzierungsvermittlung) im Bereich Hubarbeitsbühnen für führende europäische Hersteller an. Durch langjährige, umfassende Branchenkenntnis kann CharterLift seinen Kunden und Interessenten individuell beraten und aus einer Vielzahl von Gerätetypen die wirtschaftlichste Lösung anbieten. Wir unterscheiden uns von anderen Unternehmen durch engste, persönliche Kundenbetreuung im Interesse einer nachhaltigen [&hellip;]

Systemdienstleister für modernste, mobile Zugangs- und Hebetechnik
